-2). Let d(u) = -11*u - 19. List the prime factors of d(q).
2, 29
Let p(o) = 43*o**2 - 2*o - 1. Let t be p(-1). Suppose 4*s + t = 5*s. What are the prime factors of s?
2, 11
Let o = -13 - -15. Let p be (o - (-7)/1)*-2. What are the prime factors of (-28)/(-3) + 6/p?
3
Let s = 29 - 82. Let r be (40 + -10)*12/(-15). Let f = r - s. What are the prime factors of f?
29
Suppose 0 = -3*d + u + 14, u = d - 2*d + 6. Let g(p) = p**2 + p. Let l(t) = -6*t**2 + 5. Let r(i) = -4*g(i) - l(i). What are the prime factors of r(d)?
5
Let h = 90 + -52. Let z = h - 32. Let v(p) = -p**2 + 10*p + 1. What are the prime factors of v(z)?
5
List the prime factors of (-1090)/(-1526) + -590*158/(-28).
2, 3, 5, 37
Let h(o) = -o**3 + o**2 - o - 6. Let m be h(-5). Suppose -4*l = -5*d + 17 + m, 22 = d + 2*l. List the prime factors of d.
2, 3, 5
Let q be 22 - -2*(-1 - 0). Suppose 6*f - 6 = 3*f. Suppose 5*n = -q, -f*n = 5*x + n - 98. List the prime factors of x.
2, 11
Let p be (-9)/(-15) - (-17)/5. Suppose -5*h - m + 27 = 2*m, -h = p*m - 19. Suppose -3 = -o - 2*y, 0 = 2*y - 1 + h. What are the prime factors of o?
5
Suppose 3*v + 4*p = 25, 0 = 5*v - 3*p - 0*p - 3. Suppose -5*q + v*q = 0. Suppose 4*b = 2*t - 56, -2*t + 3*b + 27 + 26 = q. List the prime factors of t.
2, 11
Let y = 22 + -13. Let z = 539 + -497. Let l = z + y. List the prime factors of l.
3, 17
Let a(m) = m**2 - 16*m**3 + m - 12*m**3 - 8*m**3. List the prime factors of a(-1).
2, 3
Let h = -37 + 71. Let q = h - 14. List the prime factors of q.
2, 5
Let y = 541 - 119. Let k = y + -272. Suppose 2*x + 3*d + 23 = 88, 4*x + 2*d - k = 0. List the prime factors of x.
2, 5
Suppose 308*v - 3318 = 301*v. What are the prime factors of v?
2, 3, 79
Suppose 5*w + 2 + 13 = 0. Let n be (-1)/w*(215 + -2). Suppose 33 = 4*t - n. List the prime factors of t.
2, 13
Suppose -3*o - 986 = -2759. List the prime factors of o.
3, 197
Suppose 23*v - 31745 = 5722. List the prime factors of v.
3, 181
Let z be (-6)/(-9) - 125/3. Let j be (0 - z) + 2/2. Suppose -j = f - 3*f. What are the prime factors of f?
3, 7
Let o = -64 + 63. List the prime factors of ((-5)/(10/308))/o.
2, 7, 11
Suppose -5*u - 20 = 0, 0 = -2*n - u + 5 - 3. List the prime factors of (n - 4)*3 - -128.
5
List the prime factors of 134/((-3)/((-168)/16)).
7, 67
Suppose -4*l + 2 = -3*l. Suppose 0*w + 1 = -i + l*w, -4*i + 4*w = 4. What are the prime factors of 14/(-4)*(i + -3)?
2, 7
Suppose -3*n = 3*s, 2*n + 2*s - 18 = 6*s. Let g(u) = 7*u**2 - 3*u - 4. List the prime factors of g(n).
2, 5
Let p(b) = b + 7. Let z be p(0). Suppose -2*m + 2 = 0, -19*u - 2*m + 5 = -18*u. Suppose 0 = v - u - z. What are the prime factors of v?
2, 5
Suppose -5*x + 3*r + 97 = -214, -5*x + r + 307 = 0. Suppose 0*b + x = b. List the prime factors of b.
61
Let p = 27 + -18. Let k(a) = -1 + 2 + 5*a - 9 - p. What are the prime factors of k(6)?
13
Let i = 26 + -19. Suppose 0 = -i*a + 2*a + 10. Suppose -u = -h + 42, -39 = a*h + 2*u - 131. List the prime factors of h.
2, 11
Suppose 0 = -0*w - 3*w + 27. Suppose 59 = 5*r + 3*c + w, 2*r + 3*c = 29. List the prime factors of r.
7
Suppose 4 = -2*b + 3*b. Let d be (-9)/18*((-2 - 365) + 1). Suppose s + d = b*s. What are the prime factors of s?
61
Suppose 0 = -l + 6*l - 30. Let k(m) = -4*m + 7*m - m - 8 + 3*m. List the prime factors of k(l).
2, 11
Suppose -5*d + 2*d - b + 19 = 0, -4*d - 5*b + 40 = 0. Suppose 100 = d*v + 5*y, -4*y - 74 = -3*v - 0*v. Let g = v - -4. List the prime factors of g.
2, 13
Let k be 3/(1/(8/3)). Let n(w) = -w**3 + 9*w**2 - 8*w + 2. Let i be n(k). Let b = i + 0. List the prime factors of b.
2
Suppose -x = -3*u + 2*x + 294, 0 = 5*u - 4*x - 493. Let r = 23 + u. List the prime factors of r.
2, 31
What are the prime factors of 71/((-20)/24*(-3)/10)?
2, 71
Suppose 0 = 5*b - 543 - 612. List the prime factors of b.
3, 7, 11
Let o be (-14)/49 - (-30)/7. Suppose 3*p = 5*v - 40, 2*v - 42 = -0*v - o*p. List the prime factors of v.
11
Let h = -9 + 12. Suppose 3*z - h = 144. List the prime factors of z.
7
Let t be (144/(-56))/(8/7 - 1). What are the prime factors of (-6 - (-408)/(-9))/(4/t)?
3, 7, 11
Let d = -365 - -221. List the prime factors of -5 - (-3 - (0 - d)).
2, 71
Let a be 74*4/32*4. Suppose r - 6 = a. List the prime factors of r.
43
Suppose 3*b = 7 + 2. Suppose -4*q - q = 3*u - 220, 72 = u + b*q. What are the prime factors of u?
3, 5
Let k be ((-6)/3)/((-4)/(-18)). What are the prime factors of (-8)/(-36) + (-1114)/k?
2, 31
Suppose 36*b - 21698 = 17*b. List the prime factors of b.
2, 571
Suppose -3*o + 13 - 121 = 0. Let f = -22 - o. What are the prime factors of 652/f - 6/(-14)?
47
Suppose -3*t - 5*j = 2*t - 2210, 0 = 2*t + 3*j - 887. Let l = t - 258. Suppose 0 = 4*o - l + 49. List the prime factors of o.
3, 11
Suppose 0 = m + 5*w - 15, -m - 6*w + 18 = -2*w. Suppose 4*x = -0*x - 20, -4*a - 2*x - m = 0. What are the prime factors of 1 - a/(15/6)?
3
Suppose 2*t = -4 - 14. Suppose 4*c - 51 = c. Let a = t + c. What are the prime factors of a?
2
Suppose -4*t + 0*k = 4*k - 12, -2*k = 4. Let j(s) = -29*s. Let l be j(-2). Suppose 3*a - t*a = -l. What are the prime factors of a?
29
Let o be -1*((-4)/2)/(-2). Let v(l) = 7*l**3 + l**2 + 3*l + 4. Let r(h) = -8*h**3 - 2*h - 3. Let k(z) = 3*r(z) + 2*v(z). What are the prime factors of k(o)?
11
Let p be (-16)/3*(10 + -1). Let z(n) = 3*n + 57. Let q be z(14). Let t = p + q. List the prime factors of t.
3, 17
Suppose -5*a - 9 = 2*c - 0*a, 3*c - 2*a = -4. Let b be (-3)/c - (-24)/16. Suppose z + 87 - 12 = 5*l, 4*z + 28 = b*l. List the prime factors of l.
2
Suppose -7 = -2*c - 81. Suppose -3*x - 3*f - 3 = -54, 9 = x - f. Let s = x - c. What are the prime factors of s?
2, 5
Let s = 20 - -20. List the prime factors of (-2754)/(-15) + 16/s.
2, 23
Suppose 7*d = -4*l + 5*d + 1434, 4*l - 1438 = 2*d. What are the prime factors of l?
359
Let x = 31 + 7. List the prime factors of (-3 + 1)*(-2679)/x.
3, 47
Suppose 4*q + 2*u = 20, 0*u = 2*q + 3*u - 10. Suppose -30 = -q*j - 0*j. Suppose 2*i - 41 = 3*p, 2*p = 4*p - j. What are the prime factors of i?
5
Suppose 11*g - 55 = 935. What are the prime factors of g?
2, 3, 5
Suppose -4 = 4*j + 4. Suppose 0 = 8*s - 657 + 121. What are the prime factors of s - j/(4/(-6))?
2
Suppose 4*v = 165 + 391. Let z = v - 41. List the prime factors of z.
2, 7
Let z be (4 - 0)*(-8 - -9). Suppose -z*j = -j - 6. List the prime factors of j/6 + (-400)/(-24).
17
Let c(v) = -v**3 - 6*v**2 - 4. Let f be c(-6). Let g = 19 + f. Suppose 20 = -11*o + g*o. What are the prime factors of o?
5
Suppose 9*o - 1013 - 1291 = 0. List the prime factors of o.
2
Let a be (-4)/(-14) - (-1190)/(-49). Let l be (-30)/(1 + 33/a). List the prime factors of (6/(-2) + 4)*l.
2, 5
Let b(f) = f**3 + f**2 - 10*f + 2504. List the prime factors of b(0).
2, 313
Let d(r) = r**2 + 9*r + 3. Let s be d(-9). Suppose 0 = -7*i + 2*i + 15. Suppose -s*u - 24 = 3*k - 6*k, 5*k = i*u + 50. What are the prime factors of k?
13
Let v(j) = -5*j**2 + 8*j + 2 + j**3 + 4*j - 2*j**2. Let z be (-1)/(-6) + (3 - (-17)/6). List the prime factors of v(z).
2, 19
Suppose 12*j - 40 = 3056. Let v = j + -95. List the prime factors of v.
163
Suppose 7 + 4 = 3*x + 2*a, -4*x + 4*a + 8 = 0. Suppose 3*y - 51 = -x*t, t + y - 9 = 2*y. List the prime factors of t.
13
Let l(k) = k**2 + 3*k - 9. Let n = -30 + 46. Suppose q + n = -q. List the prime factors of l(q).
31
Suppose -6130 = -5*w + 4*t + 17774, 0 = -4*w - 4*t + 19152. What are the prime factors of w?
2, 13, 23
Let k = -453 - -903. List the prime factors of k.
2, 3, 5
Let y = -115 - -189. Let r = 55 - 50. Suppose -2*z = r*b - 0*b - 80, -3*b + 4*z + y = 0. What are the prime factors of b?
2, 3
Suppose -2*c + 2*f - 12 + 166 = 0, -3*f = -c + 85. What are the prime factors of c?
73
Let v = 238 - 189. List the prime factors of v.
7
Let b(n) = 445*n - 112. List the prime factors of b(4).
2, 3, 139
Let z(o) = -o**3 + 19*o**2 + 21*o - 22. Let r be z(20). Let n be (-23*2)/((-4)/r). List the prime factors of ((-3)/((-3)/n))/(-1).
23
Suppose -2*j = 2*k + j - 22, -k = -5*j + 15. Suppose 2*u - 422 = 10. Suppose 4*s + u = -w + k*w, -5*w + 4*s = -267. List the prime factors of w.
3, 17
Suppose 0 = y - 4*s - 767, -4*y - 6*s = -8*s - 3026. List the prime factors of y.
5, 151
Suppose 0 = -3*u + 2*u - 4. Let k be (1 - 1)/(-7 - u). Suppose 8